e 3*h + h - l = 0. Is h prime?
False
Suppose 2*w - 5*b = 3682, 3*w = 5*b + 3860 + 1673. Let m = 2810 - w. Is m composite?
True
Let i(f) = -f**3 + f**2 + f + 52. Let y be i(0). Let j = y - -37. Is j a prime number?
True
Let l(n) = n**2 - n - 4. Let h be l(3). Suppose -2*c + h*f + 154 = 6*f, 5*c - 364 = -3*f. Suppose -21 = 2*d - c. Is d composite?
True
Let j(u) = 3*u**2 + 2*u - 2. Is j(-4) a prime number?
False
Let h(z) = 8*z**2 + 1. Let f be h(-1). Suppose b + 1 - f = 4*k, -4*b - 2 = k. Suppose b*q - q + 81 = -c, 4*q - 308 = -4*c. Is q a prime number?
True
Let l(p) = -p + 1. Let n be l(6). Is 295/(-2)*6/n a prime number?
False
Let b = 79 - 595. Let f be -3 + 5 - (-2 + 0). Is 2/f - b/8 a composite number?
True
Let i(w) = w**3 + 12*w**2 - 8*w + 13. Let p = 31 + -43. Is i(p) a composite number?
False
Suppose 7*q - 17406 - 38657 = 0. Is q composite?
False
Let g(p) = -p**2 + 38*p - 37. Is g(20) a prime number?
False
Let r(a) = a**3 - 3*a**2 + 2*a. Let v be r(2). Let s be 0/(0 + 1 + v). Let p(i) = -i**3 - i**2 + 35. Is p(s) a composite number?
True
Suppose i = -6 - 67. Let t = 186 + i. Is t composite?
False
Suppose 14*q - 1110 = 6632. Is q a prime number?
False
Let g(n) = n**3 + 2*n**2 - n + 1151. Is g(0) prime?
True
Let g = 34 - -99. Is g composite?
True
Let m = -1042 + 1589. Is m prime?
True
Let l(z) = 160*z**3 - z**2 - 2*z + 2. Is l(1) a composite number?
True
Let p be ((-20)/8)/5*-566. Let x = 398 - p. Is x composite?
True
Suppose -298 = -r - r. Is r a composite number?
False
Suppose 742 = 3*r + 5*n, 3*n - 971 = -6*r + 2*r. Is r a composite number?
False
Let a be 6/10 + (-388)/(-20). Let z = a - -191. Is z prime?
True
Let w be (-2 - -1) + (2 - 1). Suppose w = -2*u - 2*u + 268. Is u a composite number?
False
Let a(h) = -7*h - 3. Suppose 5*s - 4*p + 14 = 0, -5*p - 1 = 4*s + 2. Is a(s) a composite number?
False
Let n(v) = v**2 + 15*v + 13. Is n(-15) a composite number?
False
Suppose -3*y + l = y - 631, -2*l - 626 = -4*y. Is y a prime number?
False
Suppose 0 = 2*s + s - 6. Suppose -5*q = 4*o - 3, 2*o - 3 = q + s. Is (q*85)/(0 - 1) prime?
False
Let j(l) = l**2 - 4*l. Let t be j(6). Suppose 81 - t = a. Is a a prime number?
False
Suppose 3470 = -22*z + 24*z. Is z a composite number?
True
Let c = 6 - 1. Let z be -5 + c - (0 + -5). Suppose z*o - 6 = 3*o. Is o a prime number?
True
Let z(k) = k**2 + 12*k + 13. Let q be z(-9). Is (-259)/q*(0 - -2) a prime number?
True
Suppose 0 = 3*l - 3*r - 390, -r = 5*l - 665 + 33. Is l prime?
True
Let n = -23 + 82. Is n a prime number?
True
Let o = 161 + 546. Is o a prime number?
False
Let a = 196 + -57. Is a prime?
True
Let f = -470 - 169. Is (-2)/4 + f/(-18) a composite number?
True
Let f = 195 + 65. Suppose 4*a + 84 = f. Suppose z - a = 33. Is z a prime number?
False
Let j = -107 + 71. Let n = j + 101. Is n a prime number?
False
Suppose -5*h + 666 = -f, -9*f - 118 = -h - 5*f. Is h a composite number?
True
Let k(g) be the third derivative of -g**6/120 + g**5/10 + g**4/4 - g**3/6 - g**2. Is k(6) prime?
False
Let k(r) = 3*r + 10. Is k(5) a prime number?
False
Let b be (2/4)/((-1)/(-8)). Suppose -2*p - b*i + 270 = 0, 3*i = 5*p + i - 627. Is p prime?
True
Is 50/(-5)*(-307)/2 a composite number?
True
Suppose -3*b + 54 = 3*p, 5*p + b - 6*b = 110. Let s be ((-1 - -3)*-25)/(-1). Suppose -5*o + p = -s. Is o prime?
False
Let w(r) = -r**2 - 8*r - 7. Suppose -4*d - 27 = -3. Let z be w(d). Suppose 125 = z*i - 0*i. Is i prime?
False
Suppose 4*h + 4 = 5*h. Suppose -24 = -h*k + 3*j, j + 3*j = -k - 13. Suppose -4*o + 91 = k*v, 0 = 6*v - 11*v + o + 121. Is v a composite number?
True
Let g = 9 + -4. Suppose -583 = -g*s + 472. Is s a composite number?
False
Let y = 865 + -544. Let w = y + -160. Is w a prime number?
False
Let i(n) = 19*n**3 - 4*n + 1 + 4*n - n**2. Let z be (-9 - -11) + (0 - 1). Is i(z) prime?
True
Let m(t) = -t**2 + 4*t - 2. Let n be m(2). Suppose 0 = 4*h - n*h - 382. Is h a composite number?
False
Suppose -2066 - 2689 = -3*a. Is a composite?
True
Is (-62)/((-7 - -2) + 3) a composite number?
False
Suppose -2 = -6*u + 22. Suppose 995 = u*o - 1329. Is o a prime number?
False
Suppose -5*v - 2*v + 1337 = 0. Is v a composite number?
False
Suppose -2*b + 8 = -0*b. Suppose -4*t + o + 300 = -3*o, 0 = b*t - o - 312. Is t composite?
False
Let f = -1 + 2. Let p(v) = -1 + 24*v - f + 3. Is p(2) a composite number?
True
Suppose y + 0*v = -3*v + 14, -2*y - 4*v = -22. Suppose -y*k + 4*g + 286 = 0, 0*k + 2*k + g - 117 = 0. Is k a prime number?
False
Suppose 0 = -3*p - 4 + 73. Let q = 38 - p. Is q a composite number?
True
Suppose 4*p = -4*i + i + 820, 4*i = 0. Is p a composite number?
True
Let h(x) be the second derivative of -x**5/20 - 7*x**4/12 - x**3/2 + 7*x**2/2 + 3*x. Is h(-8) a prime number?
False
Let l be 1062/7 - (-2)/7. Let v = l + 39. Is v composite?
False
Let v(t) = t**3 + 3*t**2 - 5*t. Let h be v(-4). Suppose -2*g - 3*g - 3 = o, h*o + g - 26 = 0. Is o prime?
True
Let r be (-1520)/100*5/(-1). Suppose -2*u = -0*u - 286. Suppose u = b - r. Is b a composite number?
True
Let h(l) = 32*l**2 + 2*l - 1. Let p(s) = s**3 - 3*s**2 - 2*s + 3. Let w be p(3). Let z = w - -4. Is h(z) prime?
False
Suppose g = -3*g - 2*p + 886, 2*p = 3*g - 675. Is g prime?
True
Let v(q) = -q**2 + 6*q - 4. Let y be v(5). Let c(b) = 36*b. Let s be c(y). Suppose 2 = 2*n - 4*w, 4*n - s + 5 = -w. Is n composite?
False
Suppose u - 6 = -u. Suppose 2*x - 3*m - 172 = -0*x, x = -u*m + 95. Is x composite?
False
Suppose 0 = 3*n - 8*n + 2435. Is n a composite number?
False
Suppose -w = -3*w + 182. Is w composite?
True
Let h = 12 + -6. Suppose -5*w + 19 = -2*w + 5*f, 2*f - 7 = -w. Suppose -w*b = -h*b + 18. Is b composite?
True
Let o(c) = -c**3 + 10*c**2 - 10*c + 2. Let x be o(7). Let q = 116 - x. Is q a prime number?
True
Let q = -9 + 12. Let s(z) = 11*z**3 + 4*z**2 - 2. Is s(q) prime?
True
Let u = 5 + -4. Is (25 + -1 - -1)*u a composite number?
True
Is (109 + 15)*(-1)/(-4) composite?
False
Let f be (42/9)/((-2)/108). Let i be f/3 - (1 + -3). Let z = i - -133. Is z a prime number?
False
Suppose 2*x + 3*x + 5*u - 40 = 0, 0 = -x - 3*u + 14. Suppose 248 = -5*f - 4*v, -7*f = -2*f - x*v + 275. Is (0 + f)/((-6)/3) prime?
False
Let o(g) = 14*g - 8. Let m(l) = -l**2 - 11*l - 13. Let s be m(-9). Is o(s) a composite number?
True
Suppose -5*j = -j - 28. Suppose j*g + n = 3*g + 56, 0 = -5*g + n + 70. Is 1413/21 + (-4)/g prime?
True
Let f(t) = 6*t**2 + t. Let w be f(-1). Let q = w - 5. Suppose q*r + 106 = 2*r. Is r composite?
False
Suppose 0 = -5*n - 2*u - 8 + 28, -2*n + 5*u - 21 = 0. Suppose n*m - 4*c = -2*c + 410, -5*c = 2*m - 438. Is m a prime number?
False
Suppose -2*u - u + 447 = 0. Is u composite?
False
Let g(w) = w**2 + 14*w - 3. Let p be g(-10). Let n = -24 - p. Is n a prime number?
True
Let n be 4*-2*(-1)/2. Suppose a - 6*a - 23 = -2*r, -3*r = n*a - 69. Is r a prime number?
True
Let y(s) = s**3 + s**2 - 1. Let i(z) = -3*z**3 - 9*z**2 + 11. Let f(k) = i(k) + 4*y(k). Is f(5) composite?
False
Let o = -3663 + 6184. Is o a prime number?
True
Suppose -5*r + 11 = -4. Is (11/r)/(1/9) a composite number?
True
Suppose 4*j - 8 = 2*j. Suppose j*m + z + 4*z = 151, 2*z + 28 = m. Is m prime?
False
Suppose 2*d = 4*t - 9*t + 791, -2*d + 3*t = -751. Let o = d - 264. Is o a prime number?
False
Let t = 4 + -2. Is t/10 - 518/(-35) a prime number?
False
Let o = -2 + 1. Let h = o + 3. Is h/(4*(-2)/(-844)) prime?
True
Suppose 4*n = n + 2802. Suppose -5*a = -a + 2*y - n, 0 = -5*y - 15. Suppose -247 = -5*f + 2*o, o + a = 4*f + 38. Is f composite?
True
Let d be (-8)/6 - (-39)/9. Suppose -d*c = 2*c - 1265. Is c a prime number?
False
Let w be -2 - ((-12)/(-3) - 0). Let o(c) = -c**2 - 5*c + 7. Let b be o(w). Is b - (2 + -2 + -36) a prime number?
True
Suppose 0 = 4*w - 20, 4*x + 0*w = 3*w + 613. Is x prime?
True
Suppose -3*b - 298 = -l, 4*l + 612 - 104 = -5*b. Let x = -17 - b. Is x a prime number?
True
Let j = -11 + 18. Let u(o) = 10*o - 3. Is u(j) a composite number?
False
Let m be (0 + 0)*4/4. Suppose m = -j + 115 + 351. Suppose 0 = 5*z + 31 - j. Is z prime?
False
Suppose 6*z + 2369 = 6179. Is z composite?
True
Let o(w) = 19*w + 30. Let g(m) = 37*m + 59. Let t(i) = -4*g(i) + 7*o(i). Is t(-11) a prime number?
True
Let b = 7 + -8. Is 2 + (-294)/(b + -1) composite?
False
Suppose -3*z + 8292 = -4*c + c, 15 =